e prime factors of (-2)/(-5)*33/(-3)*-75?
2, 3, 5, 11
Let i(p) = p**2 + 9. Suppose n - 4 = 4. What are the prime factors of i(n)?
73
Let g(o) = 2*o + 12. Let w be (-2 - -4)*-2*2. Let k be g(w). Let d(s) = -5*s - 2. List the prime factors of d(k).
2, 3
Let s(d) = -d**3 - 4*d**2 + 7*d + 12. Let q = 12 + -8. Let t be ((-10)/4)/(2/q). What are the prime factors of s(t)?
2
Let v(s) = -39*s + 174. What are the prime factors of v(-21)?
3, 331
Let o(u) = 66*u**3 - 4*u**2 + 3*u + 4. What are the prime factors of o(3)?
1759
Suppose 2*g + 2372 = -5*o + 9*o, -o = 2*g - 603. What are the prime factors of o?
5, 7, 17
What are the prime factors of -4*(10 - -170)*(-2)/5?
2, 3
Let a(n) = n**2 + 8*n + 8. Let j be a(-7). Let s = 7 - j. Let u = s + -2. What are the prime factors of u?
2
Let o(g) = 12*g**3 - 3*g**2 + g - 3. Let j be o(3). Suppose 3*z = 3*m - j, -m + 4*z + 103 = z. Let s = 141 - m. What are the prime factors of s?
2, 11
Let g(h) = 4*h**2 + 34*h + 15. Let k(a) = 3*a**2 + 23*a + 10. Let u(s) = 5*g(s) - 7*k(s). Suppose 8*c = 9*c - 6. What are the prime factors of u(c)?
23
Suppose 0 = 2*l - l - 1. What are the prime factors of ((-144)/32)/(l/(-4))?
2, 3
Suppose 3*n - 1348 = 2*t, 0 = -2*n - 3*t - 0*t + 890. Let u = -147 + n. List the prime factors of u.
7, 43
Let n = -461 - -1735. List the prime factors of n.
2, 7, 13
Suppose 0 = u + 5*y + 18, 3 = -3*u - 3*y - 3. Suppose 5*o + 5*b = -5, 4*o - 4*b - 22 = 2*o. Suppose 7 = o*q - u*q. What are the prime factors of q?
7
Let y = 4082 - 2031. What are the prime factors of y?
7, 293
Suppose 3*w + 6 = 4*w. Let f(i) = -i + 14. List the prime factors of f(w).
2
Suppose 0*m - 2 = m, 5*q + 5*m = 1100. Let r = -5 + 7. Suppose r*k - q = -k. What are the prime factors of k?
2, 37
Let l be (8/(-3) - -2)/((-2)/291). Suppose -l*h + 96*h = -14. List the prime factors of h.
2, 7
Let z(g) = -g**2 + 4*g - 4. Let w be z(2). Suppose w*c = c - 82. Suppose 4*u = l, 0 = 5*l - u - c - 13. What are the prime factors of l?
2, 5
Suppose 5*v = 3*v - 4. Let l be v/2 + (0 - -1). Suppose l*w + 9 = 3*w. What are the prime factors of w?
3
Suppose 3*o + 8 = o + 4*q, 3*o - 4*q = -6. Let s(k) = k**3 + 1. Let i be s(o). Suppose -150 = -i*b + 4*b. List the prime factors of b.
2, 3, 5
Let y = -13 - -130. What are the prime factors of y?
3, 13
Let a = 568 + -207. List the prime factors of a.
19
Let k(i) = -697*i**3 + i**2 - 2*i - 3. List the prime factors of k(-1).
17, 41
Let d(y) be the first derivative of y**4/4 + 3*y**3 + y**2/2 + 12*y - 2. Suppose 4*n + 5*w + 46 = 0, 5*n - w - 3*w + 37 = 0. List the prime factors of d(n).
3
Suppose -2*s + 22 = 3*y - 20, 0 = -y. List the prime factors of (15/45)/(1/s).
7
Let o(g) = -g**2 - 10*g. Let i be o(-9). Let w = i - 7. List the prime factors of w.
2
What are the prime factors of 445*33*(-18)/(-45)?
2, 3, 11, 89
Let l be (0 - -4 - 1) + -5. Let z = 2 + -6. List the prime factors of 18/z*l/3.
3
Let g = -70 - -70. Suppose b + 4*x = 128, -697 = -5*b - g*b - x. What are the prime factors of b?
2, 5, 7
Suppose -8 = -2*p - 0. What are the prime factors of ((-3)/p)/((-1)/108)?
3
Suppose -3*y = y + 2*i - 4, 0 = -3*i. Let c(k) = 121*k. List the prime factors of c(y).
11
Suppose 0 = -5*b + 5*m + 13270, 3*b - 246*m = -248*m + 7977. What are the prime factors of b?
2657
Suppose -56*f - 8505 = -71*f. What are the prime factors of f?
3, 7
Suppose 168 + 62 = 5*a. List the prime factors of a.
2, 23
Let n be 2 + (-3 - (-1 + 2)). Let r(o) = 12*o**2 + 2*o. Let v be r(n). Let c = -11 + v. What are the prime factors of c?
3, 11
Let m = -41 + 22. Let t = m - -19. Let n(a) = a**2 + 2*a + 25. What are the prime factors of n(t)?
5
Suppose -337 = -b + 1. List the prime factors of b.
2, 13
Suppose 10*a - 189 = a. Let u = a + 12. What are the prime factors of u?
3, 11
Suppose 3223 = 4*u - 9*x, -2*u + x + 455 = -1146. List the prime factors of u.
17, 47
Let j(d) = 3*d**3 + d**2 - d. Let b be j(1). Suppose 5*i - b = 17. List the prime factors of -26*((-4)/i)/1.
2, 13
Let l(r) = -6*r**2 - 33*r - 4. List the prime factors of l(-4).
2
Let m = -90 + 138. Let q be ((-46)/6)/((-4)/m). Suppose 0 = 10*f - 6*f - q. List the prime factors of f.
23
Let l(z) = -z**3 - 2*z**2 - 5. Let y(x) = x**3 - 6*x**2 + 7*x + 1. Let d be y(4). What are the prime factors of l(d)?
2
Let o(c) = 22*c - 50. Let h be o(-14). Let x = -187 - h. What are the prime factors of x?
3, 19
Let k = -1684 - -1135. Let o = -290 - k. What are the prime factors of o?
7, 37
List the prime factors of 2073 - (-1 - 8 - -6).
2, 3, 173
Suppose t + g = 1326, 19*g = -2*t + 24*g + 2652. List the prime factors of t.
2, 3, 13, 17
Suppose 2*y + 132 = 8*y. Let v be (-644)/(-18) + y/99. Suppose -2*h - 24 = -v. List the prime factors of h.
2, 3
Let q(m) = m**3 - 6*m**2 + 72*m - 3. List the prime factors of q(6).
3, 11, 13
Suppose 12 = 241*z - 238*z. Suppose z*n - n - 360 = 0. List the prime factors of n.
2, 3, 5
Let c(w) = w + 8. Let a be c(-5). Suppose a*g - 5*g = -10. Suppose -33 = -g*j + 82. List the prime factors of j.
23
Let d(c) = 10*c - 45. Let y be d(5). Suppose -561 = -2*x - 3*l, -4*l = -3*x - y*l + 831. List the prime factors of x.
2, 3, 23
Suppose 20*b - 3174 = 13006. What are the prime factors of b?
809
What are the prime factors of (-40)/3*(174/(-12) - -7)?
2, 5
Let m(k) be the second derivative of k**7/360 + k**6/720 - 5*k**4/12 + 2*k. Let h(f) be the third derivative of m(f). What are the prime factors of h(-2)?
2, 13
List the prime factors of (7/1)/(633/(-159) - -4).
7, 53
Let b = 9 + 37. Suppose b = l - 4. List the prime factors of l.
2, 5
Suppose 0 = 25*v + 11767 - 49992. What are the prime factors of v?
11, 139
Suppose 5*s + 25 = 0, -8151 = 7*x - 11*x + 3*s. What are the prime factors of x?
2, 3, 113
Suppose 5*c + 127 = -z + 633, 0 = z - 1. Let d = -59 + c. Suppose 0 = -4*k + k + d. List the prime factors of k.
2, 7
Let z(g) = -2*g**2 + 16. Let c be z(10). List the prime factors of c/16*(-1 + -1).
23
Let n = -4 + -2. Let l(s) = 14*s**2 + 14*s**2 - 2*s - 27*s**2 + 2. What are the prime factors of l(n)?
2, 5
Suppose -5*f + 1221 = -2*u, 3*f = -2*u + 499 + 240. List the prime factors of f.
5, 7
Let j = 83 + -50. Let f be 3*(1 - (-40)/(-6)). Let z = j + f. List the prime factors of z.
2
Suppose 12*l = 13*l - 84. What are the prime factors of -3*((-1631)/l - 1/4)?
59
Suppose 9*l + 120 = 4*l. Let q be 4 + (-411)/9 + (-1)/3. Let j = l - q. What are the prime factors of j?
2, 3
Let a(p) = 14*p**2 - 18*p + 185. List the prime factors of a(13).
7, 331
What are the prime factors of 0 + 5 - (-2 - 1784)?
3, 199
Suppose -5*j + 10*j = -f + 11494, 4*j + 3*f = 9204. What are the prime factors of j?
2, 3, 383
Suppose -5*f = -4*j + 18, 4*j + 0*j = f + 10. Let p be 10/j - (-9)/(-3). Suppose 67 - 25 = p*m. What are the prime factors of m?
3, 7
Suppose 0 - 15 = -5*u. Suppose -3*g + 94 = 16. Suppose -r + g = 3*d + 5, 0 = -3*r + u*d + 39. What are the prime factors of r?
3, 5
Let u be -44*(-1 - 6/2). Let r be 3/2*u/24. Suppose 2*i - 22 = -2*n, r = 3*i - 4*n - 36. List the prime factors of i.
13
Let z = 2 + 1. What are the prime factors of 16*(z + 36/4 + -2)?
2, 5
Let m = 9 + -12. Let z be 1/m*(-7 - 2). Suppose z*s + 19 = -5*d, d + 3 + 0 = -s. What are the prime factors of s?
2
Let l = -12 - 2. Let s = -3 - l. What are the prime factors of (-53)/(-4)*(15 - s)?
53
Let o = 2857 - 1662. What are the prime factors of o?
5, 239
Let t(n) = 6*n**2 + 7*n - 5. Let k be t(5). Let v be (-4)/(-10) - k/(-50). Suppose -v*f + 20 = -80. List the prime factors of f.
5
Suppose 3*h + z = 59, 3*z = 6*z + 3. List the prime factors of (-38 + h)/(3/(-8)).
2, 3
Let s(k) = 2*k**2 - 12*k + 107. List the prime factors of s(-10).
7, 61
List the prime factors of -125*(63/15 - 7).
2, 5, 7
Let p be 19 + 1 - (-8 + 12). Let d(a) = -a**2 + 20*a - 8. What are the prime factors of d(p)?
2, 7
Let b(n) = 10*n**2 - 16*n + 401. List the prime factors of b(15).
2411
Let r = -12 - -36. Let n be (r/(-30))/(2/(-145)). Suppose 3*x - 247 = -n. List the prime factors of x.
3, 7
Let z = -23 + 26. Suppose -2*x - 4*q - 103 = 57, -156 = 2*x + z*q. List the prime factors of ((-9)/(-12))/((-2)/x).
3
Let j(l) = 16*l + 4. Suppose 0 = -4*v - f - f + 30, 0 = 2*v + 5*f - 11. What are the prime factors of j(v)?
2, 3, 11
Let v = -137 + 232. Let f = v - 46.